{"id":4305,"date":"2016-07-04T17:27:40","date_gmt":"2016-07-04T15:27:40","guid":{"rendered":"https:\/\/www.cannabislandia.com\/blog\/?page_id=4305"},"modified":"2021-04-07T11:13:07","modified_gmt":"2021-04-07T09:13:07","slug":"metrop","status":"publish","type":"page","link":"https:\/\/www.cannabislandia.com\/blog\/tablas-de-cultivo\/metrop\/","title":{"rendered":"Tablas de cultivo de Metrop"},"content":{"rendered":"<h2>TABLAS DE CULTIVO METROP<\/h2>\n<h3>TIERRA \/ COCO \/ HIDRO<\/h3>\n<p><a href=\"https:\/\/www.cannabislandia.com\/blog\/wp-content\/uploads\/2016\/07\/tabla-de-cultivo-metrop-tierra-coco-hidro.png\" data-rel=\"lightbox-image-0\" data-rl_title=\"\" data-rl_caption=\"\" title=\"\"><img loading=\"lazy\" decoding=\"async\" loading=\"lazy\" class=\"alignnone size-large wp-image-12228\" src=\"https:\/\/www.cannabislandia.com\/blog\/wp-content\/uploads\/2016\/07\/tabla-de-cultivo-metrop-tierra-coco-hidro-1024x723.png\" alt=\"\" width=\"1024\" height=\"723\" srcset=\"https:\/\/www.cannabislandia.com\/blog\/wp-content\/uploads\/2016\/07\/tabla-de-cultivo-metrop-tierra-coco-hidro-1024x723.png 1024w, https:\/\/www.cannabislandia.com\/blog\/wp-content\/uploads\/2016\/07\/tabla-de-cultivo-metrop-tierra-coco-hidro-300x212.png 300w, https:\/\/www.cannabislandia.com\/blog\/wp-content\/uploads\/2016\/07\/tabla-de-cultivo-metrop-tierra-coco-hidro-768x542.png 768w, https:\/\/www.cannabislandia.com\/blog\/wp-content\/uploads\/2016\/07\/tabla-de-cultivo-metrop-tierra-coco-hidro.png 1400w\" sizes=\"(max-width: 1024px) 100vw, 1024px\" \/><\/a><\/p>\n<hr \/>\n<h3>DWC<\/h3>\n<p><a href=\"https:\/\/www.cannabislandia.com\/blog\/wp-content\/uploads\/2016\/07\/tabla-de-cultivo-metrop-dwc.jpg\" data-rel=\"lightbox-image-1\" data-rl_title=\"\" data-rl_caption=\"\" title=\"\"><img loading=\"lazy\" decoding=\"async\" loading=\"lazy\" class=\"alignnone size-large wp-image-12227\" src=\"https:\/\/www.cannabislandia.com\/blog\/wp-content\/uploads\/2016\/07\/tabla-de-cultivo-metrop-dwc-1024x744.jpg\" alt=\"\" width=\"1024\" height=\"744\" srcset=\"https:\/\/www.cannabislandia.com\/blog\/wp-content\/uploads\/2016\/07\/tabla-de-cultivo-metrop-dwc-1024x744.jpg 1024w, https:\/\/www.cannabislandia.com\/blog\/wp-content\/uploads\/2016\/07\/tabla-de-cultivo-metrop-dwc-300x218.jpg 300w, https:\/\/www.cannabislandia.com\/blog\/wp-content\/uploads\/2016\/07\/tabla-de-cultivo-metrop-dwc-768x558.jpg 768w, https:\/\/www.cannabislandia.com\/blog\/wp-content\/uploads\/2016\/07\/tabla-de-cultivo-metrop-dwc.jpg 1409w\" sizes=\"(max-width: 1024px) 100vw, 1024px\" \/><\/a><\/p>\n<hr \/>\n<h3>ADITIVOS<\/h3>\n<p><a href=\"https:\/\/www.cannabislandia.com\/blog\/wp-content\/uploads\/2016\/07\/tabla-de-cultivo-metrop-aditivos.png\" data-rel=\"lightbox-image-2\" data-rl_title=\"\" data-rl_caption=\"\" title=\"\"><img loading=\"lazy\" decoding=\"async\" loading=\"lazy\" class=\"alignnone size-large wp-image-12226\" src=\"https:\/\/www.cannabislandia.com\/blog\/wp-content\/uploads\/2016\/07\/tabla-de-cultivo-metrop-aditivos-1024x723.png\" alt=\"\" width=\"1024\" height=\"723\" srcset=\"https:\/\/www.cannabislandia.com\/blog\/wp-content\/uploads\/2016\/07\/tabla-de-cultivo-metrop-aditivos-1024x723.png 1024w, https:\/\/www.cannabislandia.com\/blog\/wp-content\/uploads\/2016\/07\/tabla-de-cultivo-metrop-aditivos-300x212.png 300w, https:\/\/www.cannabislandia.com\/blog\/wp-content\/uploads\/2016\/07\/tabla-de-cultivo-metrop-aditivos-768x542.png 768w, https:\/\/www.cannabislandia.com\/blog\/wp-content\/uploads\/2016\/07\/tabla-de-cultivo-metrop-aditivos.png 1400w\" sizes=\"(max-width: 1024px) 100vw, 1024px\" \/><\/a><\/p>\n<p><a href=\"https:\/\/www.cannabislandia.com\/es\/metrop_206\"><strong>Agrotechniek Metrop<\/strong><\/a> es un fabricante de fertilizantes biol\u00f3gicos concentrados desarrollados y elaborados en Holanda. Esta empresa en conocida por dar soporte a cultivos ecol\u00f3gicos como <em>\u00abHidropon\u00eda para \u00c1frica\u00bb<\/em>. Es cometido es la instalaci\u00f3n de sistemas de cultivos hidrop\u00f3nicos en zonas \u00e1ridas de \u00c1frica donde el agua escasea y la \u00fanica opci\u00f3n es buscarla a gran profundidad del suelo y extraerse por bombeo. Tambi\u00e9n cuenta con proyectos en Suiza, donde se dedica a la fabricaci\u00f3n de productos relacionados con el c\u00e1\u00f1amo, desde materiales de construcci\u00f3n a textiles o aceites.<\/p>\n<p>Los fertilizantes Metrop est\u00e1n especialmente dise\u00f1ados para el cultivo de marihuana en cualquier medio. Tanto en hidrop\u00f3nico, como en aerop\u00f3nico, suelo y coco. Tambi\u00e9n se caracterizan por su respeto por el medio ambiente. Todos sus productos son ecol\u00f3gicos y biol\u00f3gicamente degradables. Adem\u00e1s al ser concentrados, rinden hasta cinco veces m\u00e1s que otras marcas de abonos, lo que supone el uso de menos envases para finalmente ofrecer la misma cantidad.<\/p>\n<p>Metrop te ofrece una gama de abonos con elementos extra\u00eddos del subsuelo y del fondo marino. Es una marca que cree en una alimentaci\u00f3n natural y equilibrada. Para simplificar y facilitar el trabajo al cultivador, con tan s\u00f3lo 6 productos se conseguir\u00e1n unos rendimientos de primera. Como nutrientes base tenemos <strong>MR1 Grow<\/strong> para la fase de crecimiento y <strong>MR2 Flower<\/strong> para la de floraci\u00f3n. Como suplementos, una serie de productos que reforzar\u00e1n determinadas fases del cultivo. <strong>Root+<\/strong> es un potenciador de ra\u00edces para las primeras semanas de cultivo. <strong>AminoXtrem<\/strong> se usa durante todo el cultivo, y especialmente en floraci\u00f3n mejora los rendimientos. Por su parte <strong>Calgreen<\/strong> en un suplemento de calcio y magnesio muy indicado para aguas blandas. Y para terminar <strong>MAM<\/strong> es el abono ideal para plantas madre.<\/p>\n<p>No esperes m\u00e1s y descubre en <strong>Cannabislandia<\/strong> los abonos Metrop. Tus plantas te lo agradecer\u00e1n como pocas veces hayas podido ver.<\/p>\n<p style=\"text-align: right;\"><em>Actualizado el 12\/06\/2019.<\/em><\/p>\n<hr \/>\n<p style=\"text-align: center;\"><a href=\"https:\/\/www.cannabislandia.com\/es\/metrop_206\">Ir al cat\u00e1logo de productos de <strong>Metrop<\/strong><\/a><\/p>\n<p style=\"text-align: center;\"><a href=\"https:\/\/www.cannabislandia.com\/blog\/tablas-de-cultivo\/\">Ir al men\u00fa de tablas de cultivo<\/a><\/p>\n","protected":false},"excerpt":{"rendered":"<p>TABLAS DE CULTIVO METROP TIERRA \/ COCO \/ HIDRO DWC ADITIVOS Agrotechniek Metrop es un fabricante de fertilizantes biol\u00f3gicos concentrados desarrollados y elaborados en Holanda. Esta empresa en conocida por dar soporte a cultivos ecol\u00f3gicos como \u00abHidropon\u00eda para \u00c1frica\u00bb. Es&#46;&#46;&#46;<\/p>\n","protected":false},"author":4,"featured_media":4796,"parent":998,"menu_order":0,"comment_status":"closed","ping_status":"closed","template":"","meta":[],"yoast_head":"<!-- This site is optimized with the Yoast SEO Premium plugin v19.7 (Yoast SEO v19.14) - https:\/\/yoast.com\/wordpress\/plugins\/seo\/ -->\n<title>Tablas de cultivo Metrop | Cultivo de marihuana | Descargar<\/title>\n<meta name=\"description\" content=\"En esta p\u00e1gina te puedes descargar todas las tablas de cultivo Metrop para tierra, coco e hidro. Te ayudar\u00e1n a conseguir mejores cosechas\" \/>\n<meta name=\"robots\" content=\"index, follow, max-snippet:-1, max-image-preview:large, max-video-preview:-1\" \/>\n<link rel=\"canonical\" href=\"https:\/\/www.cannabislandia.com\/blog\/tablas-de-cultivo\/metrop\/\" \/>\n<meta property=\"og:locale\" content=\"es_ES\" \/>\n<meta property=\"og:type\" content=\"article\" \/>\n<meta property=\"og:title\" content=\"Tablas de cultivo de Metrop\" \/>\n<meta property=\"og:description\" content=\"En esta p\u00e1gina te puedes descargar todas las tablas de cultivo Metrop para tierra, coco e hidro. Te ayudar\u00e1n a conseguir mejores cosechas\" \/>\n<meta property=\"og:url\" content=\"https:\/\/www.cannabislandia.com\/blog\/tablas-de-cultivo\/metrop\/\" \/>\n<meta property=\"og:site_name\" content=\"Cannabislandia\" \/>\n<meta property=\"article:publisher\" content=\"https:\/\/www.facebook.com\/people\/Cannabislandia\/100064696326447\/\" \/>\n<meta property=\"article:modified_time\" content=\"2021-04-07T09:13:07+00:00\" \/>\n<meta property=\"og:image\" content=\"https:\/\/www.cannabislandia.com\/blog\/wp-content\/uploads\/2016\/07\/metrop-portada.jpg\" \/>\n\t<meta property=\"og:image:width\" content=\"705\" \/>\n\t<meta property=\"og:image:height\" content=\"332\" \/>\n\t<meta property=\"og:image:type\" content=\"image\/jpeg\" \/>\n<meta name=\"twitter:card\" content=\"summary_large_image\" \/>\n<meta name=\"twitter:site\" content=\"@cannabislandia\" \/>\n<meta name=\"twitter:label1\" content=\"Tiempo de lectura\" \/>\n\t<meta name=\"twitter:data1\" content=\"2 minutos\" \/>\n<script type=\"application\/ld+json\" class=\"yoast-schema-graph\">{\"@context\":\"https:\/\/schema.org\",\"@graph\":[{\"@type\":\"WebPage\",\"@id\":\"https:\/\/www.cannabislandia.com\/blog\/tablas-de-cultivo\/metrop\/\",\"url\":\"https:\/\/www.cannabislandia.com\/blog\/tablas-de-cultivo\/metrop\/\",\"name\":\"Tablas de cultivo Metrop | Cultivo de marihuana | Descargar\",\"isPartOf\":{\"@id\":\"https:\/\/www.cannabislandia.com\/blog\/#website\"},\"datePublished\":\"2016-07-04T15:27:40+00:00\",\"dateModified\":\"2021-04-07T09:13:07+00:00\",\"description\":\"En esta p\u00e1gina te puedes descargar todas las tablas de cultivo Metrop para tierra, coco e hidro. Te ayudar\u00e1n a conseguir mejores cosechas\",\"breadcrumb\":{\"@id\":\"https:\/\/www.cannabislandia.com\/blog\/tablas-de-cultivo\/metrop\/#breadcrumb\"},\"inLanguage\":\"es\",\"potentialAction\":[{\"@type\":\"ReadAction\",\"target\":[\"https:\/\/www.cannabislandia.com\/blog\/tablas-de-cultivo\/metrop\/\"]}]},{\"@type\":\"BreadcrumbList\",\"@id\":\"https:\/\/www.cannabislandia.com\/blog\/tablas-de-cultivo\/metrop\/#breadcrumb\",\"itemListElement\":[{\"@type\":\"ListItem\",\"position\":1,\"name\":\"Inicio\",\"item\":\"https:\/\/www.cannabislandia.com\/blog\/\"},{\"@type\":\"ListItem\",\"position\":2,\"name\":\"Tablas de cultivo y abonado\",\"item\":\"https:\/\/www.cannabislandia.com\/blog\/tablas-de-cultivo\/\"},{\"@type\":\"ListItem\",\"position\":3,\"name\":\"Tablas de cultivo de Metrop\"}]},{\"@type\":\"WebSite\",\"@id\":\"https:\/\/www.cannabislandia.com\/blog\/#website\",\"url\":\"https:\/\/www.cannabislandia.com\/blog\/\",\"name\":\"Cannabislandia\",\"description\":\"Blog cann\u00e1bico donde encontrar\u00e1s las \u00faltimas noticias, novedades, gu\u00edas, recetas, promociones, curiosidades y todo lo relacionado con la marihuana\",\"publisher\":{\"@id\":\"https:\/\/www.cannabislandia.com\/blog\/#organization\"},\"potentialAction\":[{\"@type\":\"SearchAction\",\"target\":{\"@type\":\"EntryPoint\",\"urlTemplate\":\"https:\/\/www.cannabislandia.com\/blog\/?s={search_term_string}\"},\"query-input\":\"required name=search_term_string\"}],\"inLanguage\":\"es\"},{\"@type\":\"Organization\",\"@id\":\"https:\/\/www.cannabislandia.com\/blog\/#organization\",\"name\":\"Cannabislandia\",\"url\":\"https:\/\/www.cannabislandia.com\/blog\/\",\"logo\":{\"@type\":\"ImageObject\",\"inLanguage\":\"es\",\"@id\":\"https:\/\/www.cannabislandia.com\/blog\/#\/schema\/logo\/image\/\",\"url\":\"https:\/\/www.cannabislandia.com\/blog\/wp-content\/uploads\/2015\/12\/logo.jpg\",\"contentUrl\":\"https:\/\/www.cannabislandia.com\/blog\/wp-content\/uploads\/2015\/12\/logo.jpg\",\"width\":145,\"height\":145,\"caption\":\"Cannabislandia\"},\"image\":{\"@id\":\"https:\/\/www.cannabislandia.com\/blog\/#\/schema\/logo\/image\/\"},\"sameAs\":[\"https:\/\/www.instagram.com\/cannabislandia_grow\/\",\"https:\/\/www.facebook.com\/people\/Cannabislandia\/100064696326447\/\",\"https:\/\/twitter.com\/cannabislandia\"]}]}<\/script>\n<!-- \/ Yoast SEO Premium plugin. -->","yoast_head_json":{"title":"Tablas de cultivo Metrop | Cultivo de marihuana | Descargar","description":"En esta p\u00e1gina te puedes descargar todas las tablas de cultivo Metrop para tierra, coco e hidro. Te ayudar\u00e1n a conseguir mejores cosechas","robots":{"index":"index","follow":"follow","max-snippet":"max-snippet:-1","max-image-preview":"max-image-preview:large","max-video-preview":"max-video-preview:-1"},"canonical":"https:\/\/www.cannabislandia.com\/blog\/tablas-de-cultivo\/metrop\/","og_locale":"es_ES","og_type":"article","og_title":"Tablas de cultivo de Metrop","og_description":"En esta p\u00e1gina te puedes descargar todas las tablas de cultivo Metrop para tierra, coco e hidro. Te ayudar\u00e1n a conseguir mejores cosechas","og_url":"https:\/\/www.cannabislandia.com\/blog\/tablas-de-cultivo\/metrop\/","og_site_name":"Cannabislandia","article_publisher":"https:\/\/www.facebook.com\/people\/Cannabislandia\/100064696326447\/","article_modified_time":"2021-04-07T09:13:07+00:00","og_image":[{"width":705,"height":332,"url":"https:\/\/www.cannabislandia.com\/blog\/wp-content\/uploads\/2016\/07\/metrop-portada.jpg","type":"image\/jpeg"}],"twitter_card":"summary_large_image","twitter_site":"@cannabislandia","twitter_misc":{"Tiempo de lectura":"2 minutos"},"schema":{"@context":"https:\/\/schema.org","@graph":[{"@type":"WebPage","@id":"https:\/\/www.cannabislandia.com\/blog\/tablas-de-cultivo\/metrop\/","url":"https:\/\/www.cannabislandia.com\/blog\/tablas-de-cultivo\/metrop\/","name":"Tablas de cultivo Metrop | Cultivo de marihuana | Descargar","isPartOf":{"@id":"https:\/\/www.cannabislandia.com\/blog\/#website"},"datePublished":"2016-07-04T15:27:40+00:00","dateModified":"2021-04-07T09:13:07+00:00","description":"En esta p\u00e1gina te puedes descargar todas las tablas de cultivo Metrop para tierra, coco e hidro. Te ayudar\u00e1n a conseguir mejores cosechas","breadcrumb":{"@id":"https:\/\/www.cannabislandia.com\/blog\/tablas-de-cultivo\/metrop\/#breadcrumb"},"inLanguage":"es","potentialAction":[{"@type":"ReadAction","target":["https:\/\/www.cannabislandia.com\/blog\/tablas-de-cultivo\/metrop\/"]}]},{"@type":"BreadcrumbList","@id":"https:\/\/www.cannabislandia.com\/blog\/tablas-de-cultivo\/metrop\/#breadcrumb","itemListElement":[{"@type":"ListItem","position":1,"name":"Inicio","item":"https:\/\/www.cannabislandia.com\/blog\/"},{"@type":"ListItem","position":2,"name":"Tablas de cultivo y abonado","item":"https:\/\/www.cannabislandia.com\/blog\/tablas-de-cultivo\/"},{"@type":"ListItem","position":3,"name":"Tablas de cultivo de Metrop"}]},{"@type":"WebSite","@id":"https:\/\/www.cannabislandia.com\/blog\/#website","url":"https:\/\/www.cannabislandia.com\/blog\/","name":"Cannabislandia","description":"Blog cann\u00e1bico donde encontrar\u00e1s las \u00faltimas noticias, novedades, gu\u00edas, recetas, promociones, curiosidades y todo lo relacionado con la marihuana","publisher":{"@id":"https:\/\/www.cannabislandia.com\/blog\/#organization"},"potentialAction":[{"@type":"SearchAction","target":{"@type":"EntryPoint","urlTemplate":"https:\/\/www.cannabislandia.com\/blog\/?s={search_term_string}"},"query-input":"required name=search_term_string"}],"inLanguage":"es"},{"@type":"Organization","@id":"https:\/\/www.cannabislandia.com\/blog\/#organization","name":"Cannabislandia","url":"https:\/\/www.cannabislandia.com\/blog\/","logo":{"@type":"ImageObject","inLanguage":"es","@id":"https:\/\/www.cannabislandia.com\/blog\/#\/schema\/logo\/image\/","url":"https:\/\/www.cannabislandia.com\/blog\/wp-content\/uploads\/2015\/12\/logo.jpg","contentUrl":"https:\/\/www.cannabislandia.com\/blog\/wp-content\/uploads\/2015\/12\/logo.jpg","width":145,"height":145,"caption":"Cannabislandia"},"image":{"@id":"https:\/\/www.cannabislandia.com\/blog\/#\/schema\/logo\/image\/"},"sameAs":["https:\/\/www.instagram.com\/cannabislandia_grow\/","https:\/\/www.facebook.com\/people\/Cannabislandia\/100064696326447\/","https:\/\/twitter.com\/cannabislandia"]}]}},"_links":{"self":[{"href":"https:\/\/www.cannabislandia.com\/blog\/wp-json\/wp\/v2\/pages\/4305"}],"collection":[{"href":"https:\/\/www.cannabislandia.com\/blog\/wp-json\/wp\/v2\/pages"}],"about":[{"href":"https:\/\/www.cannabislandia.com\/blog\/wp-json\/wp\/v2\/types\/page"}],"author":[{"embeddable":true,"href":"https:\/\/www.cannabislandia.com\/blog\/wp-json\/wp\/v2\/users\/4"}],"replies":[{"embeddable":true,"href":"https:\/\/www.cannabislandia.com\/blog\/wp-json\/wp\/v2\/comments?post=4305"}],"version-history":[{"count":9,"href":"https:\/\/www.cannabislandia.com\/blog\/wp-json\/wp\/v2\/pages\/4305\/revisions"}],"predecessor-version":[{"id":13595,"href":"https:\/\/www.cannabislandia.com\/blog\/wp-json\/wp\/v2\/pages\/4305\/revisions\/13595"}],"up":[{"embeddable":true,"href":"https:\/\/www.cannabislandia.com\/blog\/wp-json\/wp\/v2\/pages\/998"}],"wp:featuredmedia":[{"embeddable":true,"href":"https:\/\/www.cannabislandia.com\/blog\/wp-json\/wp\/v2\/media\/4796"}],"wp:attachment":[{"href":"https:\/\/www.cannabislandia.com\/blog\/wp-json\/wp\/v2\/media?parent=4305"}],"curies":[{"name":"wp","href":"https:\/\/api.w.org\/{rel}","templated":true}]}}