{"id":2504,"date":"2016-03-09T13:12:06","date_gmt":"2016-03-09T12:12:06","guid":{"rendered":"https:\/\/www.cannabislandia.com\/blog\/?page_id=2504"},"modified":"2019-03-21T11:08:10","modified_gmt":"2019-03-21T10:08:10","slug":"advanced-nutrients","status":"publish","type":"page","link":"https:\/\/www.cannabislandia.com\/blog\/tablas-de-cultivo\/advanced-nutrients\/","title":{"rendered":"Tablas de cultivo Advanced Nutrients"},"content":{"rendered":"<h2>PH PERFECT<\/h2>\n<p><a href=\"https:\/\/www.cannabislandia.com\/blog\/wp-content\/uploads\/2016\/03\/tabla-cultivo-advanced-nutrients.png\" rel=\"attachment wp-att-3719\" data-rel=\"lightbox-image-0\" data-rl_title=\"\" data-rl_caption=\"\" title=\"\"><img loading=\"lazy\" decoding=\"async\" loading=\"lazy\" class=\"wp-image-12057 aligncenter\" src=\"https:\/\/www.cannabislandia.com\/blog\/wp-content\/uploads\/2016\/03\/tabla-cultivo-advanced-nutrients.png\" alt=\"\" width=\"800\" height=\"1044\" srcset=\"https:\/\/www.cannabislandia.com\/blog\/wp-content\/uploads\/2016\/03\/tabla-cultivo-advanced-nutrients.png 600w, https:\/\/www.cannabislandia.com\/blog\/wp-content\/uploads\/2016\/03\/tabla-cultivo-advanced-nutrients-230x300.png 230w\" sizes=\"(max-width: 800px) 100vw, 800px\" \/><\/a><\/p>\n<p><strong><a href=\"https:\/\/www.cannabislandia.com\/es\/advanced-nutrients_74\">Advanced Nutrients<\/a><\/strong> es un fabricante de nutrientes para el cultivo de marihuana con sede en Canad\u00e1. Est\u00e1 formada por un equipo compuesto por investigadores en biolog\u00eda y agronom\u00eda. Durante a\u00f1os han estado desarrollando productos espec\u00edficos para el cultivo de marihuana y con el novedoso concepto \u00ab<strong>PH Perfect<\/strong>\u00ab. \u00c9sto ayudar\u00e1 al cultivador al poder olvidarse de regular el pH en cada riego.<\/p>\n<p>Los abonos y aditivos de Advanced Nutrients est\u00e1n fabricados con materias primas de primera calidad, tanto en sus l\u00edneas minerales como en la org\u00e1nica. Adem\u00e1s ofrecen la mejor alimentaci\u00f3n tanto en cultivos en tierra, como en coco y medios hidrop\u00f3nicos. SI por algo tambi\u00e9n se caracteriza Advanced Nutrients, es por sus fertilizantes base en 2 y 3 partes, que permite que los compuestos se unan tan s\u00f3lo en el momento de preparar la soluci\u00f3n nutriente. Determinados nutrientes como el calcio y el azufre, reaccionan creando un precipitado cuando se encuentran en un mismo envase.<\/p>\n<p>El modo de empleo de los abonos minerales de Advanced Nutrients admite m\u00faltiples combinaciones. Partiendo de cualquiera de los fertilizantes base <strong>Connoisseur A&amp;B<\/strong>, <strong>Sensi A&amp;B<\/strong>, <strong>Grow-Micro-Bloom<\/strong> o <strong>Jungle Juice<\/strong>, hay multitud de aditivos combinables entre s\u00ed, comenzando por un programa de cultivo nivel aficionado, hasta un programa nivel Gran Maestro Cultivador que garantiza <strong>un 27% de rendimientos <\/strong>con respecto al programa b\u00e1sico.<\/p>\n<p>En cuento a la l\u00ednea org\u00e1nica, <strong>Organic Iguana Juice Grow y Bloom<\/strong> ofrecen a las plantas los nutrientes b\u00e1sicos para su desarrollo. Para complementar esta nutrici\u00f3n en fases determinantes, existen una serie de aditivos como <strong>Ancient Earth, Bud Candy, CarboLoad, Nirvana<\/strong> o <strong>Tarantula<\/strong>. Es resultado en cuanto a sabor es excepcional, adem\u00e1s de que los rendimientos no envidian en nada a cualquier abono mineral.<\/p>\n<p>En el blog cann\u00e1bico de Cannabislandia te puedes descargar o consultar siempre que quieras las tablas de cultivo de Advanced Nutrients. Te ayudar\u00e1n a combinar abonos base y aditivos seg\u00fan la fase de cultivo, adem\u00e1s de conocer las dosis de cada uno. Como siempre, se tratan de dosis orientativas.<\/p>\n<p style=\"text-align: right;\"><em>Actualizado el 13\/3\/2019.<\/em><\/p>\n<hr \/>\n<p style=\"text-align: center;\"><a href=\"https:\/\/www.cannabislandia.com\/es\/advanced-nutrients_74\">Ir al cat\u00e1logo de\u00a0productos de <strong>Advanced Nutrients<\/strong><\/a><\/p>\n<p style=\"text-align: center;\"><a href=\"https:\/\/www.cannabislandia.com\/blog\/tablas-de-cultivo\/\">Ir al men\u00fa de tablas de cultivo<\/a><\/p>\n","protected":false},"excerpt":{"rendered":"<p>PH PERFECT Advanced Nutrients es un fabricante de nutrientes para el cultivo de marihuana con sede en Canad\u00e1. Est\u00e1 formada por un equipo compuesto por investigadores en biolog\u00eda y agronom\u00eda. Durante a\u00f1os han estado desarrollando productos espec\u00edficos para el cultivo&#46;&#46;&#46;<\/p>\n","protected":false},"author":4,"featured_media":4690,"parent":998,"menu_order":0,"comment_status":"closed","ping_status":"closed","template":"","meta":[],"yoast_head":"<!-- This site is optimized with the Yoast SEO Premium plugin v19.7 (Yoast SEO v19.14) - https:\/\/yoast.com\/wordpress\/plugins\/seo\/ -->\n<title>Tablas de cultivo de Advanced Nutrients | Descargar | Blog<\/title>\n<meta name=\"description\" content=\"En nuestro blog cann\u00e1bico de Cannabislandia te puedes descargar las tablas de cultivo de Advanced Nutrients para usar sus abonos de la manera m\u00e1s eficaz\" \/>\n<meta name=\"robots\" content=\"index, follow, max-snippet:-1, max-image-preview:large, max-video-preview:-1\" \/>\n<link rel=\"canonical\" href=\"https:\/\/www.cannabislandia.com\/blog\/tablas-de-cultivo\/advanced-nutrients\/\" \/>\n<meta property=\"og:locale\" content=\"es_ES\" \/>\n<meta property=\"og:type\" content=\"article\" \/>\n<meta property=\"og:title\" content=\"Tablas de cultivo Advanced Nutrients\" \/>\n<meta property=\"og:description\" content=\"En nuestro blog cann\u00e1bico de Cannabislandia te puedes descargar las tablas de cultivo de Advanced Nutrients para usar sus abonos de la manera m\u00e1s eficaz\" \/>\n<meta property=\"og:url\" content=\"https:\/\/www.cannabislandia.com\/blog\/tablas-de-cultivo\/advanced-nutrients\/\" \/>\n<meta property=\"og:site_name\" content=\"Cannabislandia\" \/>\n<meta property=\"article:publisher\" content=\"https:\/\/www.facebook.com\/people\/Cannabislandia\/100064696326447\/\" \/>\n<meta property=\"article:modified_time\" content=\"2019-03-21T10:08:10+00:00\" \/>\n<meta property=\"og:image\" content=\"https:\/\/www.cannabislandia.com\/blog\/wp-content\/uploads\/2016\/06\/advanced-nutrients-portada1.jpg\" \/>\n\t<meta property=\"og:image:width\" content=\"600\" \/>\n\t<meta property=\"og:image:height\" content=\"400\" \/>\n\t<meta property=\"og:image:type\" content=\"image\/jpeg\" \/>\n<meta name=\"twitter:card\" content=\"summary_large_image\" \/>\n<meta name=\"twitter:site\" content=\"@cannabislandia\" \/>\n<meta name=\"twitter:label1\" content=\"Tiempo de lectura\" \/>\n\t<meta name=\"twitter:data1\" content=\"2 minutos\" \/>\n<script type=\"application\/ld+json\" class=\"yoast-schema-graph\">{\"@context\":\"https:\/\/schema.org\",\"@graph\":[{\"@type\":\"WebPage\",\"@id\":\"https:\/\/www.cannabislandia.com\/blog\/tablas-de-cultivo\/advanced-nutrients\/\",\"url\":\"https:\/\/www.cannabislandia.com\/blog\/tablas-de-cultivo\/advanced-nutrients\/\",\"name\":\"Tablas de cultivo de Advanced Nutrients | Descargar | Blog\",\"isPartOf\":{\"@id\":\"https:\/\/www.cannabislandia.com\/blog\/#website\"},\"datePublished\":\"2016-03-09T12:12:06+00:00\",\"dateModified\":\"2019-03-21T10:08:10+00:00\",\"description\":\"En nuestro blog cann\u00e1bico de Cannabislandia te puedes descargar las tablas de cultivo de Advanced Nutrients para usar sus abonos de la manera m\u00e1s eficaz\",\"breadcrumb\":{\"@id\":\"https:\/\/www.cannabislandia.com\/blog\/tablas-de-cultivo\/advanced-nutrients\/#breadcrumb\"},\"inLanguage\":\"es\",\"potentialAction\":[{\"@type\":\"ReadAction\",\"target\":[\"https:\/\/www.cannabislandia.com\/blog\/tablas-de-cultivo\/advanced-nutrients\/\"]}]},{\"@type\":\"BreadcrumbList\",\"@id\":\"https:\/\/www.cannabislandia.com\/blog\/tablas-de-cultivo\/advanced-nutrients\/#breadcrumb\",\"itemListElement\":[{\"@type\":\"ListItem\",\"position\":1,\"name\":\"Inicio\",\"item\":\"https:\/\/www.cannabislandia.com\/blog\/\"},{\"@type\":\"ListItem\",\"position\":2,\"name\":\"Tablas de cultivo y abonado\",\"item\":\"https:\/\/www.cannabislandia.com\/blog\/tablas-de-cultivo\/\"},{\"@type\":\"ListItem\",\"position\":3,\"name\":\"Tablas de cultivo Advanced Nutrients\"}]},{\"@type\":\"WebSite\",\"@id\":\"https:\/\/www.cannabislandia.com\/blog\/#website\",\"url\":\"https:\/\/www.cannabislandia.com\/blog\/\",\"name\":\"Cannabislandia\",\"description\":\"Blog cann\u00e1bico donde encontrar\u00e1s las \u00faltimas noticias, novedades, gu\u00edas, recetas, promociones, curiosidades y todo lo relacionado con la marihuana\",\"publisher\":{\"@id\":\"https:\/\/www.cannabislandia.com\/blog\/#organization\"},\"potentialAction\":[{\"@type\":\"SearchAction\",\"target\":{\"@type\":\"EntryPoint\",\"urlTemplate\":\"https:\/\/www.cannabislandia.com\/blog\/?s={search_term_string}\"},\"query-input\":\"required name=search_term_string\"}],\"inLanguage\":\"es\"},{\"@type\":\"Organization\",\"@id\":\"https:\/\/www.cannabislandia.com\/blog\/#organization\",\"name\":\"Cannabislandia\",\"url\":\"https:\/\/www.cannabislandia.com\/blog\/\",\"logo\":{\"@type\":\"ImageObject\",\"inLanguage\":\"es\",\"@id\":\"https:\/\/www.cannabislandia.com\/blog\/#\/schema\/logo\/image\/\",\"url\":\"https:\/\/www.cannabislandia.com\/blog\/wp-content\/uploads\/2015\/12\/logo.jpg\",\"contentUrl\":\"https:\/\/www.cannabislandia.com\/blog\/wp-content\/uploads\/2015\/12\/logo.jpg\",\"width\":145,\"height\":145,\"caption\":\"Cannabislandia\"},\"image\":{\"@id\":\"https:\/\/www.cannabislandia.com\/blog\/#\/schema\/logo\/image\/\"},\"sameAs\":[\"https:\/\/www.instagram.com\/cannabislandia_grow\/\",\"https:\/\/www.facebook.com\/people\/Cannabislandia\/100064696326447\/\",\"https:\/\/twitter.com\/cannabislandia\"]}]}<\/script>\n<!-- \/ Yoast SEO Premium plugin. -->","yoast_head_json":{"title":"Tablas de cultivo de Advanced Nutrients | Descargar | Blog","description":"En nuestro blog cann\u00e1bico de Cannabislandia te puedes descargar las tablas de cultivo de Advanced Nutrients para usar sus abonos de la manera m\u00e1s eficaz","robots":{"index":"index","follow":"follow","max-snippet":"max-snippet:-1","max-image-preview":"max-image-preview:large","max-video-preview":"max-video-preview:-1"},"canonical":"https:\/\/www.cannabislandia.com\/blog\/tablas-de-cultivo\/advanced-nutrients\/","og_locale":"es_ES","og_type":"article","og_title":"Tablas de cultivo Advanced Nutrients","og_description":"En nuestro blog cann\u00e1bico de Cannabislandia te puedes descargar las tablas de cultivo de Advanced Nutrients para usar sus abonos de la manera m\u00e1s eficaz","og_url":"https:\/\/www.cannabislandia.com\/blog\/tablas-de-cultivo\/advanced-nutrients\/","og_site_name":"Cannabislandia","article_publisher":"https:\/\/www.facebook.com\/people\/Cannabislandia\/100064696326447\/","article_modified_time":"2019-03-21T10:08:10+00:00","og_image":[{"width":600,"height":400,"url":"https:\/\/www.cannabislandia.com\/blog\/wp-content\/uploads\/2016\/06\/advanced-nutrients-portada1.jpg","type":"image\/jpeg"}],"twitter_card":"summary_large_image","twitter_site":"@cannabislandia","twitter_misc":{"Tiempo de lectura":"2 minutos"},"schema":{"@context":"https:\/\/schema.org","@graph":[{"@type":"WebPage","@id":"https:\/\/www.cannabislandia.com\/blog\/tablas-de-cultivo\/advanced-nutrients\/","url":"https:\/\/www.cannabislandia.com\/blog\/tablas-de-cultivo\/advanced-nutrients\/","name":"Tablas de cultivo de Advanced Nutrients | Descargar | Blog","isPartOf":{"@id":"https:\/\/www.cannabislandia.com\/blog\/#website"},"datePublished":"2016-03-09T12:12:06+00:00","dateModified":"2019-03-21T10:08:10+00:00","description":"En nuestro blog cann\u00e1bico de Cannabislandia te puedes descargar las tablas de cultivo de Advanced Nutrients para usar sus abonos de la manera m\u00e1s eficaz","breadcrumb":{"@id":"https:\/\/www.cannabislandia.com\/blog\/tablas-de-cultivo\/advanced-nutrients\/#breadcrumb"},"inLanguage":"es","potentialAction":[{"@type":"ReadAction","target":["https:\/\/www.cannabislandia.com\/blog\/tablas-de-cultivo\/advanced-nutrients\/"]}]},{"@type":"BreadcrumbList","@id":"https:\/\/www.cannabislandia.com\/blog\/tablas-de-cultivo\/advanced-nutrients\/#breadcrumb","itemListElement":[{"@type":"ListItem","position":1,"name":"Inicio","item":"https:\/\/www.cannabislandia.com\/blog\/"},{"@type":"ListItem","position":2,"name":"Tablas de cultivo y abonado","item":"https:\/\/www.cannabislandia.com\/blog\/tablas-de-cultivo\/"},{"@type":"ListItem","position":3,"name":"Tablas de cultivo Advanced Nutrients"}]},{"@type":"WebSite","@id":"https:\/\/www.cannabislandia.com\/blog\/#website","url":"https:\/\/www.cannabislandia.com\/blog\/","name":"Cannabislandia","description":"Blog cann\u00e1bico donde encontrar\u00e1s las \u00faltimas noticias, novedades, gu\u00edas, recetas, promociones, curiosidades y todo lo relacionado con la marihuana","publisher":{"@id":"https:\/\/www.cannabislandia.com\/blog\/#organization"},"potentialAction":[{"@type":"SearchAction","target":{"@type":"EntryPoint","urlTemplate":"https:\/\/www.cannabislandia.com\/blog\/?s={search_term_string}"},"query-input":"required name=search_term_string"}],"inLanguage":"es"},{"@type":"Organization","@id":"https:\/\/www.cannabislandia.com\/blog\/#organization","name":"Cannabislandia","url":"https:\/\/www.cannabislandia.com\/blog\/","logo":{"@type":"ImageObject","inLanguage":"es","@id":"https:\/\/www.cannabislandia.com\/blog\/#\/schema\/logo\/image\/","url":"https:\/\/www.cannabislandia.com\/blog\/wp-content\/uploads\/2015\/12\/logo.jpg","contentUrl":"https:\/\/www.cannabislandia.com\/blog\/wp-content\/uploads\/2015\/12\/logo.jpg","width":145,"height":145,"caption":"Cannabislandia"},"image":{"@id":"https:\/\/www.cannabislandia.com\/blog\/#\/schema\/logo\/image\/"},"sameAs":["https:\/\/www.instagram.com\/cannabislandia_grow\/","https:\/\/www.facebook.com\/people\/Cannabislandia\/100064696326447\/","https:\/\/twitter.com\/cannabislandia"]}]}},"_links":{"self":[{"href":"https:\/\/www.cannabislandia.com\/blog\/wp-json\/wp\/v2\/pages\/2504"}],"collection":[{"href":"https:\/\/www.cannabislandia.com\/blog\/wp-json\/wp\/v2\/pages"}],"about":[{"href":"https:\/\/www.cannabislandia.com\/blog\/wp-json\/wp\/v2\/types\/page"}],"author":[{"embeddable":true,"href":"https:\/\/www.cannabislandia.com\/blog\/wp-json\/wp\/v2\/users\/4"}],"replies":[{"embeddable":true,"href":"https:\/\/www.cannabislandia.com\/blog\/wp-json\/wp\/v2\/comments?post=2504"}],"version-history":[{"count":22,"href":"https:\/\/www.cannabislandia.com\/blog\/wp-json\/wp\/v2\/pages\/2504\/revisions"}],"predecessor-version":[{"id":12157,"href":"https:\/\/www.cannabislandia.com\/blog\/wp-json\/wp\/v2\/pages\/2504\/revisions\/12157"}],"up":[{"embeddable":true,"href":"https:\/\/www.cannabislandia.com\/blog\/wp-json\/wp\/v2\/pages\/998"}],"wp:featuredmedia":[{"embeddable":true,"href":"https:\/\/www.cannabislandia.com\/blog\/wp-json\/wp\/v2\/media\/4690"}],"wp:attachment":[{"href":"https:\/\/www.cannabislandia.com\/blog\/wp-json\/wp\/v2\/media?parent=2504"}],"curies":[{"name":"wp","href":"https:\/\/api.w.org\/{rel}","templated":true}]}}