{"id":1472,"date":"2015-12-10T15:54:42","date_gmt":"2015-12-10T14:54:42","guid":{"rendered":"https:\/\/www.cannabislandia.com\/blog\/?page_id=1472"},"modified":"2019-03-21T11:09:27","modified_gmt":"2019-03-21T10:09:27","slug":"biobizz","status":"publish","type":"page","link":"https:\/\/www.cannabislandia.com\/blog\/tablas-de-cultivo\/biobizz\/","title":{"rendered":"Tablas de cultivo BioBizz"},"content":{"rendered":"<h2>Tablas de cultivo de BioBizz<\/h2>\n<p><a href=\"https:\/\/www.cannabislandia.com\/blog\/wp-content\/uploads\/2015\/12\/tabla-cultivo-Biobizz.jpg\" data-rel=\"lightbox-image-0\" data-rl_title=\"\" data-rl_caption=\"\" title=\"\"><img loading=\"lazy\" decoding=\"async\" loading=\"lazy\" class=\"alignnone size-full wp-image-11669\" src=\"https:\/\/www.cannabislandia.com\/blog\/wp-content\/uploads\/2015\/12\/tabla-cultivo-Biobizz.jpg\" alt=\"\" width=\"1461\" height=\"2048\" srcset=\"https:\/\/www.cannabislandia.com\/blog\/wp-content\/uploads\/2015\/12\/tabla-cultivo-Biobizz.jpg 1024w, https:\/\/www.cannabislandia.com\/blog\/wp-content\/uploads\/2015\/12\/tabla-cultivo-Biobizz-214x300.jpg 214w, https:\/\/www.cannabislandia.com\/blog\/wp-content\/uploads\/2015\/12\/tabla-cultivo-Biobizz-768x1077.jpg 768w, https:\/\/www.cannabislandia.com\/blog\/wp-content\/uploads\/2015\/12\/tabla-cultivo-Biobizz-731x1024.jpg 731w\" sizes=\"(max-width: 1461px) 100vw, 1461px\" \/><\/a> <a href=\"https:\/\/www.cannabislandia.com\/blog\/wp-content\/uploads\/2015\/12\/tabla-cultivo-Biobizz-productos.jpg\" data-rel=\"lightbox-image-1\" data-rl_title=\"\" data-rl_caption=\"\" title=\"\"><img loading=\"lazy\" decoding=\"async\" loading=\"lazy\" class=\"alignnone size-full wp-image-11670\" src=\"https:\/\/www.cannabislandia.com\/blog\/wp-content\/uploads\/2015\/12\/tabla-cultivo-Biobizz-productos.jpg\" alt=\"\" width=\"2048\" height=\"1465\" srcset=\"https:\/\/www.cannabislandia.com\/blog\/wp-content\/uploads\/2015\/12\/tabla-cultivo-Biobizz-productos.jpg 1432w, https:\/\/www.cannabislandia.com\/blog\/wp-content\/uploads\/2015\/12\/tabla-cultivo-Biobizz-productos-300x215.jpg 300w, https:\/\/www.cannabislandia.com\/blog\/wp-content\/uploads\/2015\/12\/tabla-cultivo-Biobizz-productos-768x549.jpg 768w, https:\/\/www.cannabislandia.com\/blog\/wp-content\/uploads\/2015\/12\/tabla-cultivo-Biobizz-productos-1024x733.jpg 1024w\" sizes=\"(max-width: 2048px) 100vw, 2048px\" \/><\/a><\/p>\n<p><a href=\"https:\/\/www.cannabislandia.com\/es\/biobizz_76\"><strong>Biobizz<\/strong> <\/a>es uno de los fabricantes de abonos y sustratos para el cultivo de marihuana m\u00e1s famosos y usados del mundo. Desde sus inicios en el a\u00f1o 1992, nos lleva ofreciendo una gama de productos <strong>100% biol\u00f3gicos<\/strong>, sin ning\u00fan tipo qu\u00edmicos perjudiciales para el planeta. Son adem\u00e1s apropiados para la agricultura ecol\u00f3gica y <strong>100% veganos<\/strong> salvo el abono Fish Mix, el sustrato All Mix y el mejorador de suelos s\u00f3lido Pre-Mix.<\/p>\n<p>Si por algo se caracteriza Biobizz es por la sencillez de uso. Adem\u00e1s con compatibles con sustratos de tierra y fibra de coco. Como nutrientes base tenemos a <strong>Bio Grow y Bio Bloom<\/strong>. Contamos con la opci\u00f3n de sustituir Bio Grow por Fish Mix, ambos abonos de crecimiento, elaborado a partir de emulsiones de peces capturados en el Mar del Norte. Por el fuerte olor que desprende se aconseja s\u00f3lo en cultivos de exterior.<\/p>\n<p>A diferencia de otros fabricantes, Biobizz opta por incluir en sus aditivos todos los elementos que las plantas precisan para ver reforzadas sus fases. <strong>Root Juice, Top Max, Bio Haven, Acti-Vera y Alg-a-Mic<\/strong> son lo necesario para asegurarse unas ra\u00edces desarrolladas, unas plantas con un crecimiento r\u00e1pido y saludable, y unos rendimientos insuperables, con el gran sabor que aportan los abonos ecol\u00f3gicos.<\/p>\n<p>Adem\u00e1s los sustratos Biobizz son considerados por muchos cultivadores como los mejores. Si cultivas en tierra, puedes optar por <strong>Light Mix<\/strong>, ideal para semillaros y plantas j\u00f3venes. <strong>All-Mix<\/strong> es un sustrato con gran cantidad de nutrientes que garantiza un crecimiento de m\u00ednimo 4 semanas. Y si cultivas en coco, <strong>Coco-Mix<\/strong> es posiblemente la mejor opci\u00f3n. Finalmente <strong>Worm Humu<\/strong>s y <strong>Pre Mix<\/strong> son ideales para mejorar cualquier sustrato sin nutrientes.<\/p>\n<p>Ahora en Cannabislandia ponemos a tu disposici\u00f3n la tabla de cultivo de Biobizz para tierra y coco. Te ser\u00e1 muy sencillo combinar abonos y aditivos seg\u00fan la fase y con unas dosis orientativas. S\u00f3lo la experiencia conseguir\u00e1 ajustar estas dosis seg\u00fan las necesidades de cada planta para obtener los rendimientos m\u00e1s impresionantes.<\/p>\n<p style=\"text-align: right;\"><em>Actualizado el 14\/3\/2019.<\/em><\/p>\n<hr \/>\n<p style=\"text-align: center;\"><a href=\"https:\/\/www.cannabislandia.com\/es\/biobizz_76\">Ir al cat\u00e1logo de\u00a0productos de <strong>BioBizz<\/strong><\/a><\/p>\n<p style=\"text-align: center;\"><a href=\"https:\/\/www.cannabislandia.com\/blog\/tablas-de-cultivo\/\">Ir al men\u00fa de tablas de cultivo<\/a><\/p>\n","protected":false},"excerpt":{"rendered":"<p>Tablas de cultivo de BioBizz Biobizz es uno de los fabricantes de abonos y sustratos para el cultivo de marihuana m\u00e1s famosos y usados del mundo. Desde sus inicios en el a\u00f1o 1992, nos lleva ofreciendo una gama de productos&#46;&#46;&#46;<\/p>\n","protected":false},"author":4,"featured_media":4113,"parent":998,"menu_order":0,"comment_status":"closed","ping_status":"closed","template":"","meta":[],"yoast_head":"<!-- This site is optimized with the Yoast SEO Premium plugin v19.7 (Yoast SEO v19.14) - https:\/\/yoast.com\/wordpress\/plugins\/seo\/ -->\n<title>Tablas de cultivo de BioBizz | Descargar | Cannabislandia<\/title>\n<meta name=\"description\" content=\"En nuestro blog cann\u00e1bico de Cannabislandia ya te puedes descargar y consultar las tablas de cultivo de BioBizz para plantas de marihuana. \u00bfA qu\u00e9 esperas?\" \/>\n<meta name=\"robots\" content=\"index, follow, max-snippet:-1, max-image-preview:large, max-video-preview:-1\" \/>\n<link rel=\"canonical\" href=\"https:\/\/www.cannabislandia.com\/blog\/tablas-de-cultivo\/biobizz\/\" \/>\n<meta property=\"og:locale\" content=\"es_ES\" \/>\n<meta property=\"og:type\" content=\"article\" \/>\n<meta property=\"og:title\" content=\"Tablas de cultivo BioBizz\" \/>\n<meta property=\"og:description\" content=\"En nuestro blog cann\u00e1bico de Cannabislandia ya te puedes descargar y consultar las tablas de cultivo de BioBizz para plantas de marihuana. \u00bfA qu\u00e9 esperas?\" \/>\n<meta property=\"og:url\" content=\"https:\/\/www.cannabislandia.com\/blog\/tablas-de-cultivo\/biobizz\/\" \/>\n<meta property=\"og:site_name\" content=\"Cannabislandia\" \/>\n<meta property=\"article:publisher\" content=\"https:\/\/www.facebook.com\/people\/Cannabislandia\/100064696326447\/\" \/>\n<meta property=\"article:modified_time\" content=\"2019-03-21T10:09:27+00:00\" \/>\n<meta property=\"og:image\" content=\"https:\/\/www.cannabislandia.com\/blog\/wp-content\/uploads\/2016\/03\/biobizz-portada.jpg\" \/>\n\t<meta property=\"og:image:width\" content=\"880\" \/>\n\t<meta property=\"og:image:height\" content=\"220\" \/>\n\t<meta property=\"og:image:type\" content=\"image\/jpeg\" \/>\n<meta name=\"twitter:card\" content=\"summary_large_image\" \/>\n<meta name=\"twitter:site\" content=\"@cannabislandia\" \/>\n<meta name=\"twitter:label1\" content=\"Tiempo de lectura\" \/>\n\t<meta name=\"twitter:data1\" content=\"2 minutos\" \/>\n<script type=\"application\/ld+json\" class=\"yoast-schema-graph\">{\"@context\":\"https:\/\/schema.org\",\"@graph\":[{\"@type\":\"WebPage\",\"@id\":\"https:\/\/www.cannabislandia.com\/blog\/tablas-de-cultivo\/biobizz\/\",\"url\":\"https:\/\/www.cannabislandia.com\/blog\/tablas-de-cultivo\/biobizz\/\",\"name\":\"Tablas de cultivo de BioBizz | Descargar | Cannabislandia\",\"isPartOf\":{\"@id\":\"https:\/\/www.cannabislandia.com\/blog\/#website\"},\"datePublished\":\"2015-12-10T14:54:42+00:00\",\"dateModified\":\"2019-03-21T10:09:27+00:00\",\"description\":\"En nuestro blog cann\u00e1bico de Cannabislandia ya te puedes descargar y consultar las tablas de cultivo de BioBizz para plantas de marihuana. \u00bfA qu\u00e9 esperas?\",\"breadcrumb\":{\"@id\":\"https:\/\/www.cannabislandia.com\/blog\/tablas-de-cultivo\/biobizz\/#breadcrumb\"},\"inLanguage\":\"es\",\"potentialAction\":[{\"@type\":\"ReadAction\",\"target\":[\"https:\/\/www.cannabislandia.com\/blog\/tablas-de-cultivo\/biobizz\/\"]}]},{\"@type\":\"BreadcrumbList\",\"@id\":\"https:\/\/www.cannabislandia.com\/blog\/tablas-de-cultivo\/biobizz\/#breadcrumb\",\"itemListElement\":[{\"@type\":\"ListItem\",\"position\":1,\"name\":\"Inicio\",\"item\":\"https:\/\/www.cannabislandia.com\/blog\/\"},{\"@type\":\"ListItem\",\"position\":2,\"name\":\"Tablas de cultivo y abonado\",\"item\":\"https:\/\/www.cannabislandia.com\/blog\/tablas-de-cultivo\/\"},{\"@type\":\"ListItem\",\"position\":3,\"name\":\"Tablas de cultivo BioBizz\"}]},{\"@type\":\"WebSite\",\"@id\":\"https:\/\/www.cannabislandia.com\/blog\/#website\",\"url\":\"https:\/\/www.cannabislandia.com\/blog\/\",\"name\":\"Cannabislandia\",\"description\":\"Blog cann\u00e1bico donde encontrar\u00e1s las \u00faltimas noticias, novedades, gu\u00edas, recetas, promociones, curiosidades y todo lo relacionado con la marihuana\",\"publisher\":{\"@id\":\"https:\/\/www.cannabislandia.com\/blog\/#organization\"},\"potentialAction\":[{\"@type\":\"SearchAction\",\"target\":{\"@type\":\"EntryPoint\",\"urlTemplate\":\"https:\/\/www.cannabislandia.com\/blog\/?s={search_term_string}\"},\"query-input\":\"required name=search_term_string\"}],\"inLanguage\":\"es\"},{\"@type\":\"Organization\",\"@id\":\"https:\/\/www.cannabislandia.com\/blog\/#organization\",\"name\":\"Cannabislandia\",\"url\":\"https:\/\/www.cannabislandia.com\/blog\/\",\"logo\":{\"@type\":\"ImageObject\",\"inLanguage\":\"es\",\"@id\":\"https:\/\/www.cannabislandia.com\/blog\/#\/schema\/logo\/image\/\",\"url\":\"https:\/\/www.cannabislandia.com\/blog\/wp-content\/uploads\/2015\/12\/logo.jpg\",\"contentUrl\":\"https:\/\/www.cannabislandia.com\/blog\/wp-content\/uploads\/2015\/12\/logo.jpg\",\"width\":145,\"height\":145,\"caption\":\"Cannabislandia\"},\"image\":{\"@id\":\"https:\/\/www.cannabislandia.com\/blog\/#\/schema\/logo\/image\/\"},\"sameAs\":[\"https:\/\/www.instagram.com\/cannabislandia_grow\/\",\"https:\/\/www.facebook.com\/people\/Cannabislandia\/100064696326447\/\",\"https:\/\/twitter.com\/cannabislandia\"]}]}<\/script>\n<!-- \/ Yoast SEO Premium plugin. -->","yoast_head_json":{"title":"Tablas de cultivo de BioBizz | Descargar | Cannabislandia","description":"En nuestro blog cann\u00e1bico de Cannabislandia ya te puedes descargar y consultar las tablas de cultivo de BioBizz para plantas de marihuana. \u00bfA qu\u00e9 esperas?","robots":{"index":"index","follow":"follow","max-snippet":"max-snippet:-1","max-image-preview":"max-image-preview:large","max-video-preview":"max-video-preview:-1"},"canonical":"https:\/\/www.cannabislandia.com\/blog\/tablas-de-cultivo\/biobizz\/","og_locale":"es_ES","og_type":"article","og_title":"Tablas de cultivo BioBizz","og_description":"En nuestro blog cann\u00e1bico de Cannabislandia ya te puedes descargar y consultar las tablas de cultivo de BioBizz para plantas de marihuana. \u00bfA qu\u00e9 esperas?","og_url":"https:\/\/www.cannabislandia.com\/blog\/tablas-de-cultivo\/biobizz\/","og_site_name":"Cannabislandia","article_publisher":"https:\/\/www.facebook.com\/people\/Cannabislandia\/100064696326447\/","article_modified_time":"2019-03-21T10:09:27+00:00","og_image":[{"width":880,"height":220,"url":"https:\/\/www.cannabislandia.com\/blog\/wp-content\/uploads\/2016\/03\/biobizz-portada.jpg","type":"image\/jpeg"}],"twitter_card":"summary_large_image","twitter_site":"@cannabislandia","twitter_misc":{"Tiempo de lectura":"2 minutos"},"schema":{"@context":"https:\/\/schema.org","@graph":[{"@type":"WebPage","@id":"https:\/\/www.cannabislandia.com\/blog\/tablas-de-cultivo\/biobizz\/","url":"https:\/\/www.cannabislandia.com\/blog\/tablas-de-cultivo\/biobizz\/","name":"Tablas de cultivo de BioBizz | Descargar | Cannabislandia","isPartOf":{"@id":"https:\/\/www.cannabislandia.com\/blog\/#website"},"datePublished":"2015-12-10T14:54:42+00:00","dateModified":"2019-03-21T10:09:27+00:00","description":"En nuestro blog cann\u00e1bico de Cannabislandia ya te puedes descargar y consultar las tablas de cultivo de BioBizz para plantas de marihuana. \u00bfA qu\u00e9 esperas?","breadcrumb":{"@id":"https:\/\/www.cannabislandia.com\/blog\/tablas-de-cultivo\/biobizz\/#breadcrumb"},"inLanguage":"es","potentialAction":[{"@type":"ReadAction","target":["https:\/\/www.cannabislandia.com\/blog\/tablas-de-cultivo\/biobizz\/"]}]},{"@type":"BreadcrumbList","@id":"https:\/\/www.cannabislandia.com\/blog\/tablas-de-cultivo\/biobizz\/#breadcrumb","itemListElement":[{"@type":"ListItem","position":1,"name":"Inicio","item":"https:\/\/www.cannabislandia.com\/blog\/"},{"@type":"ListItem","position":2,"name":"Tablas de cultivo y abonado","item":"https:\/\/www.cannabislandia.com\/blog\/tablas-de-cultivo\/"},{"@type":"ListItem","position":3,"name":"Tablas de cultivo BioBizz"}]},{"@type":"WebSite","@id":"https:\/\/www.cannabislandia.com\/blog\/#website","url":"https:\/\/www.cannabislandia.com\/blog\/","name":"Cannabislandia","description":"Blog cann\u00e1bico donde encontrar\u00e1s las \u00faltimas noticias, novedades, gu\u00edas, recetas, promociones, curiosidades y todo lo relacionado con la marihuana","publisher":{"@id":"https:\/\/www.cannabislandia.com\/blog\/#organization"},"potentialAction":[{"@type":"SearchAction","target":{"@type":"EntryPoint","urlTemplate":"https:\/\/www.cannabislandia.com\/blog\/?s={search_term_string}"},"query-input":"required name=search_term_string"}],"inLanguage":"es"},{"@type":"Organization","@id":"https:\/\/www.cannabislandia.com\/blog\/#organization","name":"Cannabislandia","url":"https:\/\/www.cannabislandia.com\/blog\/","logo":{"@type":"ImageObject","inLanguage":"es","@id":"https:\/\/www.cannabislandia.com\/blog\/#\/schema\/logo\/image\/","url":"https:\/\/www.cannabislandia.com\/blog\/wp-content\/uploads\/2015\/12\/logo.jpg","contentUrl":"https:\/\/www.cannabislandia.com\/blog\/wp-content\/uploads\/2015\/12\/logo.jpg","width":145,"height":145,"caption":"Cannabislandia"},"image":{"@id":"https:\/\/www.cannabislandia.com\/blog\/#\/schema\/logo\/image\/"},"sameAs":["https:\/\/www.instagram.com\/cannabislandia_grow\/","https:\/\/www.facebook.com\/people\/Cannabislandia\/100064696326447\/","https:\/\/twitter.com\/cannabislandia"]}]}},"_links":{"self":[{"href":"https:\/\/www.cannabislandia.com\/blog\/wp-json\/wp\/v2\/pages\/1472"}],"collection":[{"href":"https:\/\/www.cannabislandia.com\/blog\/wp-json\/wp\/v2\/pages"}],"about":[{"href":"https:\/\/www.cannabislandia.com\/blog\/wp-json\/wp\/v2\/types\/page"}],"author":[{"embeddable":true,"href":"https:\/\/www.cannabislandia.com\/blog\/wp-json\/wp\/v2\/users\/4"}],"replies":[{"embeddable":true,"href":"https:\/\/www.cannabislandia.com\/blog\/wp-json\/wp\/v2\/comments?post=1472"}],"version-history":[{"count":16,"href":"https:\/\/www.cannabislandia.com\/blog\/wp-json\/wp\/v2\/pages\/1472\/revisions"}],"predecessor-version":[{"id":12163,"href":"https:\/\/www.cannabislandia.com\/blog\/wp-json\/wp\/v2\/pages\/1472\/revisions\/12163"}],"up":[{"embeddable":true,"href":"https:\/\/www.cannabislandia.com\/blog\/wp-json\/wp\/v2\/pages\/998"}],"wp:featuredmedia":[{"embeddable":true,"href":"https:\/\/www.cannabislandia.com\/blog\/wp-json\/wp\/v2\/media\/4113"}],"wp:attachment":[{"href":"https:\/\/www.cannabislandia.com\/blog\/wp-json\/wp\/v2\/media?parent=1472"}],"curies":[{"name":"wp","href":"https:\/\/api.w.org\/{rel}","templated":true}]}}